u be 18 - 0 - 0/3. What is the greatest common divisor of t and u?
18
Suppose 4*i - 7*i = -4*t - 8, 0 = t - 5*i + 2. Let p be 18*(t - -3)/3. Calculate the highest common factor of 3 and p.
3
Let i(u) = 2*u - 5. Let o be i(4). Let v = -1 - o. Let w be v/22 - 387/(-11). Calculate the greatest common factor of 5 and w.
5
Suppose 2*z = x + 31, x + 3 = 2. Calculate the greatest common divisor of 15 and z.
15
Suppose 0*j + 6 = 3*j. Let h be 6/j + -3 + -21. Let z = h - -51. Calculate the highest common factor of 75 and z.
15
Let r(x) = -x - 11. Let b be r(-9). Let d be -2 + (-30)/(-3) - b. Calculate the highest common divisor of 30 and d.
10
Let w(o) = o**2 - 6*o - 5. Let p be w(9). Suppose r + 3*k - 37 = 0, -2*r + 5*r - 4*k - 46 = 0. Calculate the highest common factor of r and p.
22
Suppose x = 5, -4*n + 2*x + x = -17. Let t(f) = 39*f + 1. Let a be t(1). Calculate the highest common divisor of n and a.
8
Let o(v) = v**3 + v + 38. Let d be o(0). Suppose 0 = c + 2 - d. Calculate the highest common factor of 12 and c.
12
Let b(x) = -x + 110. Let y = 6 + -6. Let h be b(y). What is the greatest common divisor of h and 10?
10
Suppose -o + 26 = 2*r + o, 5*r - 3*o = 57. What is the greatest common factor of r and 60?
12
Suppose -5*y - 168 + 553 = 0. Let r be (-202)/(-22) + (-14)/y. Calculate the greatest common factor of 63 and r.
9
Suppose -5*v + 2*w = -124 + 14, 0 = 2*v + 2*w - 58. Let u = v - 8. Let n = 0 + u. What is the greatest common factor of 176 and n?
16
Suppose 5*s - 5*w = 95, -s = -8*w + 3*w - 35. Calculate the greatest common factor of s and 15.
15
Let v(o) = o - 4. Let y be v(0). Let j be 24/y*(-20)/6. What is the highest common divisor of 220 and j?
20
Let x be (23 + 1)*10/30. What is the highest common divisor of 4 and x?
4
Suppose 3*f - 1 = 5*k, 0*f - k + 3 = f. What is the greatest common divisor of 6 and f?
2
Suppose 0*f - 80 = -4*f. Let h = 68 - 38. Calculate the highest common divisor of f and h.
10
Let t(g) = -231*g. Let j = -5 - -4. Let l be t(j). What is the highest common factor of l and 21?
21
Suppose -f - 10 = -4*j - 65, -220 = -4*f + j. Calculate the highest common divisor of f and 5.
5
Let w = 67 - 44. What is the greatest common divisor of w and 138?
23
Suppose 4*h - 4*k = 32, 2*h - 5*k - 34 = -h. Suppose -4*j - 2*p = -522, -h*p = 5*j + p - 648. Calculate the greatest common factor of j and 12.
12
Let q(i) = 5*i**2 - 2*i + 1. Let d be q(1). Suppose -d*l = -198 - 182. Calculate the highest common factor of l and 19.
19
Suppose -u = -5*h + 2, -2 = h + u - 6. Let r(g) = g**2 + 13*g + 3. Let c be r(-12). Let z be 3 - c - (3 - h). Calculate the highest common divisor of z and 30.
10
Let g(w) = -4*w - w + 5*w**2 - 3*w**2 + 1. Let d(x) = x**2 - 14*x + 28. Let m be d(12). Let j be g(m). Calculate the greatest common divisor of j and 13.
13
Let o = -10 + 15. Suppose -n - w + 28 = 0, o*n + 4*w = 2*n + 82. What is the highest common divisor of 6 and n?
6
Suppose 83 = 7*p - 78. What is the highest common factor of p and 92?
23
Let c be (-310)/(-110) - (-2)/11. Suppose -5*b - 2*j + 11 = 0, j + 2 = 3*b + 2*b. What is the highest common factor of c and b?
1
Suppose -5*m + 78 = 5*t - 592, 0 = 5*m - 10. Calculate the greatest common divisor of t and 99.
33
Let i(a) = -a**3 + 2*a + 36. Let n be i(0). What is the highest common divisor of n and 180?
36
Suppose -3*n = 5*q + 2 - 7, 3 = 3*q - 5*n. Calculate the highest common factor of 7 and q.
1
Let y be (-5 + (-90)/(-12))*(-36)/(-10). Calculate the highest common factor of 99 and y.
9
Let o be 30/(-9)*(-36)/15. Suppose -o = 2*w - 4*w. Suppose h + 5*q = -3*h + 103, -5*q - 113 = -w*h. Calculate the greatest common factor of 3 and h.
3
Suppose 2*h = -h + 6. Suppose 2*o = -m + 140, 3*m + 0*o - 436 = 2*o. Suppose -h*y + m = y. Calculate the highest common factor of 72 and y.
24
Let i be ((-8)/(-5))/(2/15). What is the highest common factor of 18 and i?
6
Let h(i) = 10*i - 4. Let z be h(13). What is the highest common divisor of 28 and z?
14
Let h = 26 - 18. Suppose -i + 5*a = 4, -h*i + 26 = -4*i + a. Suppose 4*y = 2*j + 6, 0*j - 2*j = -y - i. Calculate the highest common divisor of j and 45.
5
Let m = 33 - 1. Calculate the highest common factor of m and 64.
32
Suppose 5*v = -2*q + 31, -q = -2*q - v + 17. What is the highest common divisor of q and 6?
6
Let l(y) = y + 5. Let n be l(-5). Suppose 0 = -n*j - 2*j - m + 76, 5*j + 5*m = 180. What is the highest common factor of j and 100?
20
Let h(x) = -18*x + 10. Let v be h(-5). Let f = -31 + 51. What is the greatest common divisor of f and v?
20
Let p be (-2)/(-4)*(-4 - -56). What is the highest common factor of 39 and p?
13
Suppose 3*a - 2*v = 217, 4*a - 130 = 2*a + 5*v. Let y = 10 - -5. Calculate the greatest common factor of y and a.
15
Let u = 134 + -83. Let w = u - 27. Let y be 4/(((-2)/(-30))/1). What is the greatest common divisor of w and y?
12
Let n(u) = -u**3 + 10*u**2 + 3*u - 15. Let t be n(10). Let w be (0 - (-5 - -4))*t. Calculate the highest common factor of 6 and w.
3
Let l be (-248)/(-6) - 4/(-6). Let m be (7/(-28))/(2/8). Let f be m*(5 + -2) - -31. What is the greatest common factor of f and l?
14
Let p(x) = -x**2 - 2*x - 1. Let f be (-9)/3*1/3. Let n be p(f). Suppose -4*k + 22 + 74 = n. What is the greatest common factor of 60 and k?
12
Let q be (6/4)/((-1)/2). Let z(h) = 3*h**2 - h. Let s be z(q). What is the greatest common divisor of s and 6?
6
Suppose 0 = -2*k - 4 + 14. Let o be 7/14 + k/2. Calculate the greatest common factor of o and 3.
3
Let r be -13 + 3 + -6 - -3. Let c = r + 19. What is the greatest common factor of 6 and c?
6
Let z(n) = 3*n**2 + 8*n + 11. Let x be z(-4). Suppose 972 = -0*g + 4*g. Calculate the highest common factor of x and g.
27
Suppose -h = 2*x + 1, 2*x - 3*x + 4 = 2*h. Let t = -1 + h. Suppose 2*a = 4*w - t, 3*w - a + 3 = 6. Calculate the greatest common factor of w and 6.
2
Let f(a) = -2*a - 12. Let k be f(-8). Let p be (-4)/(-6) + k/3. Suppose 0 = 5*d - 3*j - 14, 7*d - 2 = p*d - j. Calculate the greatest common factor of 2 and d.
1
Suppose 10*j - 9 = 7*j. What is the greatest common factor of j and 33?
3
Suppose 4*u + 129 - 133 = 0. What is the greatest common factor of 4 and u?
1
Suppose 0 = -4*d + 24 - 4. Suppose -n + 5 = 0, d*t + 2*n - 20 - 50 = 0. Let r be 1*97 + (3 - 4). Calculate the greatest common divisor of r and t.
12
Suppose -267 - 109 = -4*w + 5*u, -4 = -u. Calculate the greatest common factor of w and 9.
9
Let m = -5 + 19. Calculate the greatest common divisor of 21 and m.
7
Let y be (2/(-3))/((-1)/(-3)). Let u be y*(-3)/6 + 15. What is the greatest common factor of u and 4?
4
Let u = -25 + 146. Calculate the greatest common factor of 11 and u.
11
Let c = 0 - -5. Suppose 0*m + c*m = 550. Calculate the highest common divisor of m and 10.
10
Let g be (-169)/(-4) + (5 - 42/8). Calculate the highest common divisor of g and 378.
42
Let d(h) = h + 5. Suppose 3 = g - 1. Let l be d(g). What is the greatest common factor of 3 and l?
3
Let t be 61 - ((-1 - -5) + -1) - -2. What is the greatest common factor of t and 15?
15
Let s be 50 - -1 - (-9 + 12). Calculate the highest common factor of 72 and s.
24
Suppose 9*x + 52 - 151 = 0. What is the highest common divisor of x and 99?
11
Suppose -3*x = -42 - 159. Let b(m) = 131*m - 1. Let h be b(1). Let l = h - x. What is the highest common divisor of l and 9?
9
Suppose 3*j - 34 = -25. Suppose 5*c + 4*i = 60, -2*c + j*i + 24 = -0*i. Suppose 3*n = 3, -2*n - n + 51 = 2*v. What is the highest common divisor of c and v?
12
Let z(u) = u**3 + 4*u**2 + u + 5. Let f be z(-4). Let m(q) = q + 4 + f - 2 + 2. Let w be m(0). Calculate the greatest common divisor of w and 35.
5
Let m = -36 - -15. Let y = -19 - m. What is the greatest common divisor of 10 and y?
2
Let v(m) = -4*m**3 - 3*m**2 - m - 1. Let p be v(-2). Let h be (-321)/p + (-2)/(-7). Let o be ((-3)/9)/(1/h). Calculate the greatest common factor of 35 and o.
5
Suppose 3*m + 168 = 3*k, 3*m + 14 = k - 52. What is the highest common factor of k and 17?
17
Let b = 39 - 0. Calculate the highest common divisor of b and 13.
13
Let z(n) = -n**3 - 6*n**2 + 8*n - 4. Let a be z(-8). Calculate the highest common divisor of 660 and a.
60
Suppose 5*y = 43 - 8. What is the highest common factor of 35 and y?
7
Let a = 50 + -19